 What is x(21)?
7
Let n(f) = 2*f**2 + 170*f - 3861. Give n(19).
91
Let a(u) = -26*u**3 + 47*u**2 - 2202*u + 4411. Determine a(2).
-13
Let d(b) = b**3 + 13*b**2 + 708*b + 5335. What is d(-8)?
-9
Let n(d) = d**3 - 42*d**2 + 118*d - 5333. Calculate n(42).
-377
Let p(f) = -2*f**3 + 1113*f**2 + 65934*f - 7. Determine p(-54).
-7
Let a(z) = -72*z**3 - 2652*z**2 + 473*z + 1065. Determine a(-37).
-8
Let a(i) = 123*i - 2002. What is a(28)?
1442
Let x(s) = -s**2 - 53338*s + 693569. What is x(13)?
6
Let z(j) = 2*j**3 + 253*j**2 - 144*j - 2135. Determine z(-127).
24
Let x(d) = -79*d**2 - 18006*d + 1298. Give x(-228).
-70
Let j(z) = -9*z**2 + 294*z - 68. What is j(32)?
124
Let g(t) = -t**2 - 1467*t - 13264. What is g(-9)?
-142
Let x(l) = -10*l**3 - 170*l**2 + 21*l - 43. Calculate x(-16).
-2939
Let c(i) = -2816*i - 27938. Calculate c(-10).
222
Let d(o) = 2*o**3 + 170*o**2 + 509*o + 28632. Calculate d(-84).
-12
Let n(r) = -r**3 - 373*r**2 + 5727*r - 36078. Determine n(-388).
6
Let a(g) = 15*g**3 + 600*g**2 + 2485*g + 99415. Give a(-40).
15
Let x(r) = -650*r - 9996. Give x(-19).
2354
Let g(u) = 4*u**2 - 161*u + 1505. Determine g(10).
295
Let z(b) = -46*b**2 + 303*b + 310. What is z(-1)?
-39
Let d(f) = 5477*f + 175404. Calculate d(-32).
140
Let n(m) = -2954*m - 66397. Calculate n(-22).
-1409
Let g(o) = -o**3 + 1445*o**2 - 118105*o - 55690. Calculate g(1358).
-12
Let y(n) = n**3 + 9*n**2 - 163*n - 657. Determine y(11).
-30
Let z(x) = 416*x**2 - 11075*x + 6730. Determine z(26).
-4
Let n(y) = 1085*y**2 - 4266*y + 15. Calculate n(4).
311
Let f(z) = z**2 - 5751*z + 352693. Determine f(62).
-25
Let i(a) = 18*a**2 + 754*a - 154340. What is i(74)?
24
Let f(h) = 373*h - 5923. What is f(16)?
45
Let d(n) = -8*n**3 - 420*n**2 - 932*n - 16346. Give d(-51).
-26
Let t(g) = -g**3 - 5*g**2 + g - 400. Determine t(-9).
-85
Let j(m) = -m**2 + 103952*m - 727617. Calculate j(7).
-2
Let w(x) = -10*x**3 - 6111*x**2 + 5506*x - 1227. What is w(-612)?
-3
Let k(d) = -118*d**2 + 321*d - 1998. Determine k(6).
-4320
Let r(w) = 45*w - 4070. Calculate r(91).
25
Let w(o) = 5141*o - 143996. Give w(28).
-48
Let d(r) = -r**2 + 937*r - 24304. Give d(27).
266
Let k(f) = -3*f**2 - 803*f - 34897. Determine k(-213).
35
Let u(c) = 1259808*c - 21416740. Calculate u(17).
-4
Let h(c) = -3*c**3 + 444*c**2 + 444*c - 834. What is h(149)?
-1281
Let z(a) = -24*a**2 + 4210*a + 2497. What is z(176)?
33
Let y(x) = 5*x**2 - 835*x + 3578. What is y(163)?
318
Let k(h) = -326*h - 376. What is k(-7)?
1906
Let y(n) = -4282*n + 183930. Calculate y(43).
-196
Let u(q) = -3*q**3 - 929*q**2 - 399*q + 67713. Give u(-309).
42
Let u(m) = 2*m**3 - 34*m**2 + 7*m - 238. Determine u(18).
536
Let m(u) = 11*u**2 - 157*u - 169. Give m(-1).
-1
Let k(l) = l**3 + 14*l**2 - 204*l - 1980. Determine k(-8).
36
Let m(n) = 2*n**2 - 723*n - 44989. What is m(-55)?
826
Let y(u) = 13*u**2 - 114*u - 960. Determine y(-10).
1480
Let r(h) = -6882*h + 474778. Give r(69).
-80
Let x(h) = 6864*h + 89152. Calculate x(-13).
-80
Let k(x) = x**3 + 706*x**2 - 1054*x - 245286. Give k(-707).
43
Let v(g) = 4*g**2 + 231*g + 787. Determine v(-56).
395
Let n(u) = 2574*u + 879926. Give n(-342).
-382
Let h(w) = 2*w**3 - 114*w**2 + 5359*w - 343135. What is h(60)?
5
Let o(l) = 2*l**3 + 26*l**2 - 101*l - 802. What is o(-14)?
220
Let g(f) = -4257*f - 3933498. What is g(-924)?
-30
Let b(o) = -6*o**2 - 154*o - 156. Calculate b(-27).
-372
Let p(i) = -i**2 + 74*i - 416. Determine p(26).
832
Let f(v) = 225*v - 11213. Calculate f(52).
487
Let q(i) = -i**3 - 232*i**2 + 1906*i - 3776. Calculate q(-240).
-416
Let a(m) = m**3 - 104*m**2 - 9*m - 138. Give a(104).
-1074
Let q(r) = 4*r**3 - 55*r**2 + 11*r - 304. Determine q(13).
-668
Let q(c) = c**3 + 25*c**2 - 7*c - 1251. Give q(-23).
-32
Let w(f) = -f**3 - 90*f**2 - 5*f - 475. Calculate w(-90).
-25
Let r(v) = 551*v - 6869. Give r(11).
-808
Let s(r) = 1386*r**2 + 116419*r - 421. Give s(-84).
-1
Let b(v) = v**2 + 1262*v - 69889. Give b(53).
-194
Let a(f) = 417*f - 19667. What is a(47)?
-68
Let l(r) = 20670*r + 62480. Calculate l(-3).
470
Let y(i) = 3*i**3 - 10479*i**2 - 41940*i. Calculate y(-4).
-96
Let x(t) = -t**3 - 9*t**2 - 56*t - 185. Determine x(-4).
-41
Let a(q) = -4*q**2 - 292*q - 1859. Calculate a(-67).
-251
Let x(m) = 265*m**2 - 212523*m - 5615. Calculate x(802).
-1
Let i(p) = -11457*p + 664506. Calculate i(58).
0
Let r(j) = -286*j + 8934. Calculate r(41).
-2792
Let q(i) = -9*i**3 + 288*i**2 - 143*i + 4581. Determine q(32).
5
Let a(d) = 423*d - 4857. Give a(15).
1488
Let x(z) = -1519*z + 9126. Determine x(6).
12
Let g(n) = -n**3 + 60*n**2 - 167*n - 636. What is g(57)?
-408
Let z(t) = -361*t - 26720. What is z(-74)?
-6
Let v(h) = -35593*h - 4093203. Calculate v(-115).
-8
Let p(b) = -142*b**2 + 67*b + 201. Give p(-3).
-1278
Let j(w) = 108961*w - 762731. Give j(7).
-4
Let r(f) = -64928*f + 4544957. What is r(70)?
-3
Let h(v) = -v**3 - 179*v**2 - 265*v + 16915. What is h(-177)?
1162
Let o(c) = -2*c**2 + 3087*c + 3097. Determine o(-1).
8
Let y(n) = 3*n**3 - 10*n**2 + 69*n - 421. What is y(6)?
281
Let u(r) = 72777*r - 4439390. What is u(61)?
7
Let k(g) = 6*g**2 - 29882*g + 89628. Give k(3).
36
Let y(r) = 12947*r - 51801. Calculate y(4).
-13
Let x(i) = 982*i**2 + 5065*i + 780. Calculate x(-5).
5
Let g(y) = y**2 - 4165*y + 24944. Give g(6).
-10
Let v(n) = 1378*n + 19188. Give v(-14).
-104
Let x(t) = -257*t + 16344. Calculate x(56).
1952
Let o(j) = 658*j - 8542. Determine o(13).
12
Let i(f) = -217*f**2 - 2653*f + 5312. Calculate i(2).
-862
Let z(s) = 18*s**3 - 38*s**2 - 267*s + 19. What is z(-3)?
-8
Let g(f) = f**3 + 80*f**2 - 878*f - 71842. Determine g(-80).
-1602
Let h(k) = 2*k**3 + 15*k**2 + 9*k + 127. Determine h(-7).
113
Let i(s) = s**2 - 2397*s + 209832. Calculate i(91).
-14
Let g(h) = 3*h**2 + 31*h - 492. Calculate g(-16).
-220
Let m(k) = 358*k**2 + 83*k - 7. Give m(-1).
268
Let w(p) = 6248*p + 93770. Determine w(-15).
50
Let v(o) = o**3 - 21*o**2 - 16*o + 212. Determine v(22).
344
Let m(v) = 2198*v + 46201. Calculate m(-21).
43
Let j(d) = -842*d - 18633. Calculate j(-24).
1575
Let p(z) = -z**3 + 31*z**2 - 46*z - 822. Calculate p(28).
242
Let g(m) = 5*m**3 - 180*m**2 + 1127*m - 120. Determine g(28).
76
Let q(g) = g**3 - 210*g**2 - 3349*g - 11. What is q(-15)?
-401
Let k(u) = 797*u - 5581. Give k(7).
-2
Let r(v) = 458*v**2 + 27467*v + 35. Give r(-60).
815
Let r(o) = 6764*o - 46983. Give r(7).
365
Let c(a) = -2*a**3 + 15*a**2 - 161*a + 968. What is c(11)?
-1650
Let g(n) = -123*n - 5189. Determine g(-40).
-269
Let p(j) = 127*j**2 - 54*j + 2. What is p(-3)?
1307
Let y(i) = -7267*i**2 + 356090*i - 275. Determine y(49).
68
Let l(g) = -g**3 + g**2 - 449*g + 901. Give l(2).
-1
Let x(z) = -13*z**2 - 5*z + 9. What is x(-6)?
-429
Let f(r) = -323848*r - 971547. What is f(-3)?
-3
Let v(w) = -1546*w - 8925. What is v(-4)?
-2741
Let l(j) = 391*j + 103385. Give l(-263).
552
Let n(r) = 23*r**2 + 3148*r - 508. Give n(-137).
-97
Let v(r) = -496*r**2 + 95243*r - 2129. Calculate v(192).
-17
Let t(w) = w**2 + 21880*w + 371663. What is t(-17)?
-8
Let l(t) = t**3 - 113*t**2 - 6500*t + 405. Give l(-42).
-15
Let u(c) = -12904*c + 12949. Determine u(1).
45
Let n(d) = -2*d**3 + 174*d**2 + 2599*d + 117. Determine n(100).
17
Let f(m) = 615*m - 13528. Calculate f(22).
2
Let t(b) = b**3 + 820*b**2 + 4815*b - 56164. Calculate t(-814).
2
Let g(x) = x**2 + 2074*x - 8291. Give g(4).
21
Let a(f) = -f**2 + 2975*f + 172815. What is a(-57)?
-9
Let z(w) = -2578*w - 1003003. What is z(-389)?
-161
Let l(j) = 20*j**2 - 727*j + 1626. Give l(34).
28
Let j(o) = 3*o**2 + 70*o - 530. Calculate j(-50).
3470
Let j(k) = 76957*k + 1924210. Calculate j(-25).
285
Let s(j) = j**3 - 3063*j**2 + 174288*j + 122. Determine s(58).
6
Let a(l) = 2001*l + 175847. Calculate a(-88).
-241
Let n(a) = 4*a**2 - 137*a - 107. Give n(28).
-807
Let w(h) = -27406*h + 2466550. Determine w(90).
10
Let g(r) = 4*r**2 + 396*r - 788. Calculate g(2).
20
Let h(o) = -8*o**2 - 1272*o + 2530. Calculate h(2).
-46
Let o(k) = -k**3 - 641*k**2 - 1930*k - 28. What is o(-3)?
20
Let y(q) = -191*q**2 - 470*q + 304. Determine y(-3).
-5
Let q(x) = -148*x**2 - 31823*x - 680. What is q(-215)?
-35
Let h(y) = 1131*y + 306477. Give h(-271).
-24
Let a(q) = 2391*q - 33389. Determine a(14).
85
Let v(l) = -368*l + 2323. What 